{"id":685,"date":"2015-01-11T22:23:27","date_gmt":"2015-01-11T21:23:27","guid":{"rendered":"http:\/\/www.stolarna-znidarsic.si\/?post_type=product&#038;p=685"},"modified":"2021-09-09T13:33:51","modified_gmt":"2021-09-09T11:33:51","slug":"chair-lamin","status":"publish","type":"product","link":"https:\/\/www.stolarna-znidarsic.si\/en\/izdelek\/chair-lamin\/","title":{"rendered":"Chair Lamin"},"content":{"rendered":"","protected":false},"excerpt":{"rendered":"<p>beech, oak<\/p>\n<p><img loading=\"lazy\" decoding=\"async\" class=\"alignnone size-full wp-image-351\" src=\"http:\/\/www.stolarna-znidarsic.si\/wp-content\/uploads\/2014\/10\/Ikonce_Stol-Visina.png\" alt=\"Ikonce_Stol-Visina\" width=\"14\" height=\"23\" \/> 91 cm<br \/>\n<img loading=\"lazy\" decoding=\"async\" class=\"alignnone size-full wp-image-350\" src=\"http:\/\/www.stolarna-znidarsic.si\/wp-content\/uploads\/2014\/10\/Ikonce_Stol-Sirina.png\" alt=\"Ikonce_Stol-Sirina\" width=\"14\" height=\"23\" \/> 43 cm<br \/>\n<img loading=\"lazy\" decoding=\"async\" class=\"alignnone size-full wp-image-349\" src=\"http:\/\/www.stolarna-znidarsic.si\/wp-content\/uploads\/2014\/10\/Ikonce_Stol-Dolzina.png\" alt=\"Ikonce_Stol-Dolzina\" width=\"14\" height=\"23\" \/> 40 cm<br \/>\n<img loading=\"lazy\" decoding=\"async\" class=\"alignnone size-full wp-image-352\" src=\"http:\/\/www.stolarna-znidarsic.si\/wp-content\/uploads\/2014\/10\/Ikonce_Stol-VisinaNoge.png\" alt=\"Ikonce_Stol-VisinaNoge\" width=\"14\" height=\"23\" \/> 47 cm<\/p>\n<p>&nbsp;<\/p>\n","protected":false},"featured_media":306,"comment_status":"open","ping_status":"closed","template":"","meta":{"_et_pb_use_builder":"","_et_pb_old_content":"","_et_gb_content_width":""},"product_cat":[24],"product_tag":[],"yoast_head":"<!-- This site is optimized with the Yoast SEO plugin v22.1 - https:\/\/yoast.com\/wordpress\/plugins\/seo\/ -->\n<title>Chair Lamin | Product | Stolarna \u017dnidar\u0161i\u010d<\/title>\n<meta name=\"robots\" content=\"index, follow, max-snippet:-1, max-image-preview:large, max-video-preview:-1\" \/>\n<link rel=\"canonical\" href=\"https:\/\/www.stolarna-znidarsic.si\/en\/izdelek\/chair-lamin\/\" \/>\n<meta property=\"og:locale\" content=\"en_US\" \/>\n<meta property=\"og:type\" content=\"article\" \/>\n<meta property=\"og:title\" content=\"Chair Lamin | Product | Stolarna \u017dnidar\u0161i\u010d\" \/>\n<meta property=\"og:description\" content=\"beech, oak   91 cm  43 cm  40 cm  47 cm  &nbsp;\" \/>\n<meta property=\"og:url\" content=\"https:\/\/www.stolarna-znidarsic.si\/en\/izdelek\/chair-lamin\/\" \/>\n<meta property=\"og:site_name\" content=\"Stolarna \u017dnidar\u0161i\u010d\" \/>\n<meta property=\"article:modified_time\" content=\"2021-09-09T11:33:51+00:00\" \/>\n<meta property=\"og:image\" content=\"https:\/\/www.stolarna-znidarsic.si\/wp-content\/uploads\/2014\/10\/stol-Lamin.jpg\" \/>\n\t<meta property=\"og:image:width\" content=\"710\" \/>\n\t<meta property=\"og:image:height\" content=\"710\" \/>\n\t<meta property=\"og:image:type\" content=\"image\/jpeg\" \/>\n<script type=\"application\/ld+json\" class=\"yoast-schema-graph\">{\"@context\":\"https:\/\/schema.org\",\"@graph\":[{\"@type\":\"WebPage\",\"@id\":\"https:\/\/www.stolarna-znidarsic.si\/en\/izdelek\/chair-lamin\/\",\"url\":\"https:\/\/www.stolarna-znidarsic.si\/en\/izdelek\/chair-lamin\/\",\"name\":\"Chair Lamin | Product | Stolarna \u017dnidar\u0161i\u010d\",\"isPartOf\":{\"@id\":\"https:\/\/www.stolarna-znidarsic.si\/#website\"},\"datePublished\":\"2015-01-11T21:23:27+00:00\",\"dateModified\":\"2021-09-09T11:33:51+00:00\",\"breadcrumb\":{\"@id\":\"https:\/\/www.stolarna-znidarsic.si\/en\/izdelek\/chair-lamin\/#breadcrumb\"},\"inLanguage\":\"en-US\",\"potentialAction\":[{\"@type\":\"ReadAction\",\"target\":[\"https:\/\/www.stolarna-znidarsic.si\/en\/izdelek\/chair-lamin\/\"]}]},{\"@type\":\"BreadcrumbList\",\"@id\":\"https:\/\/www.stolarna-znidarsic.si\/en\/izdelek\/chair-lamin\/#breadcrumb\",\"itemListElement\":[{\"@type\":\"ListItem\",\"position\":1,\"name\":\"Home\",\"item\":\"https:\/\/www.stolarna-znidarsic.si\/en\/\"},{\"@type\":\"ListItem\",\"position\":2,\"name\":\"Products\",\"item\":\"https:\/\/www.stolarna-znidarsic.si\/en\/shop\/\"},{\"@type\":\"ListItem\",\"position\":3,\"name\":\"Chair Lamin\"}]},{\"@type\":\"WebSite\",\"@id\":\"https:\/\/www.stolarna-znidarsic.si\/#website\",\"url\":\"https:\/\/www.stolarna-znidarsic.si\/\",\"name\":\"Stolarna \u017dnidar\u0161i\u010d\",\"description\":\"\",\"potentialAction\":[{\"@type\":\"SearchAction\",\"target\":{\"@type\":\"EntryPoint\",\"urlTemplate\":\"https:\/\/www.stolarna-znidarsic.si\/?s={search_term_string}\"},\"query-input\":\"required name=search_term_string\"}],\"inLanguage\":\"en-US\"}]}<\/script>\n<!-- \/ Yoast SEO plugin. -->","yoast_head_json":{"title":"Chair Lamin | Product | Stolarna \u017dnidar\u0161i\u010d","robots":{"index":"index","follow":"follow","max-snippet":"max-snippet:-1","max-image-preview":"max-image-preview:large","max-video-preview":"max-video-preview:-1"},"canonical":"https:\/\/www.stolarna-znidarsic.si\/en\/izdelek\/chair-lamin\/","og_locale":"en_US","og_type":"article","og_title":"Chair Lamin | Product | Stolarna \u017dnidar\u0161i\u010d","og_description":"beech, oak   91 cm  43 cm  40 cm  47 cm  &nbsp;","og_url":"https:\/\/www.stolarna-znidarsic.si\/en\/izdelek\/chair-lamin\/","og_site_name":"Stolarna \u017dnidar\u0161i\u010d","article_modified_time":"2021-09-09T11:33:51+00:00","og_image":[{"width":710,"height":710,"url":"https:\/\/www.stolarna-znidarsic.si\/wp-content\/uploads\/2014\/10\/stol-Lamin.jpg","type":"image\/jpeg"}],"schema":{"@context":"https:\/\/schema.org","@graph":[{"@type":"WebPage","@id":"https:\/\/www.stolarna-znidarsic.si\/en\/izdelek\/chair-lamin\/","url":"https:\/\/www.stolarna-znidarsic.si\/en\/izdelek\/chair-lamin\/","name":"Chair Lamin | Product | Stolarna \u017dnidar\u0161i\u010d","isPartOf":{"@id":"https:\/\/www.stolarna-znidarsic.si\/#website"},"datePublished":"2015-01-11T21:23:27+00:00","dateModified":"2021-09-09T11:33:51+00:00","breadcrumb":{"@id":"https:\/\/www.stolarna-znidarsic.si\/en\/izdelek\/chair-lamin\/#breadcrumb"},"inLanguage":"en-US","potentialAction":[{"@type":"ReadAction","target":["https:\/\/www.stolarna-znidarsic.si\/en\/izdelek\/chair-lamin\/"]}]},{"@type":"BreadcrumbList","@id":"https:\/\/www.stolarna-znidarsic.si\/en\/izdelek\/chair-lamin\/#breadcrumb","itemListElement":[{"@type":"ListItem","position":1,"name":"Home","item":"https:\/\/www.stolarna-znidarsic.si\/en\/"},{"@type":"ListItem","position":2,"name":"Products","item":"https:\/\/www.stolarna-znidarsic.si\/en\/shop\/"},{"@type":"ListItem","position":3,"name":"Chair Lamin"}]},{"@type":"WebSite","@id":"https:\/\/www.stolarna-znidarsic.si\/#website","url":"https:\/\/www.stolarna-znidarsic.si\/","name":"Stolarna \u017dnidar\u0161i\u010d","description":"","potentialAction":[{"@type":"SearchAction","target":{"@type":"EntryPoint","urlTemplate":"https:\/\/www.stolarna-znidarsic.si\/?s={search_term_string}"},"query-input":"required name=search_term_string"}],"inLanguage":"en-US"}]}},"_links":{"self":[{"href":"https:\/\/www.stolarna-znidarsic.si\/en\/wp-json\/wp\/v2\/product\/685"}],"collection":[{"href":"https:\/\/www.stolarna-znidarsic.si\/en\/wp-json\/wp\/v2\/product"}],"about":[{"href":"https:\/\/www.stolarna-znidarsic.si\/en\/wp-json\/wp\/v2\/types\/product"}],"replies":[{"embeddable":true,"href":"https:\/\/www.stolarna-znidarsic.si\/en\/wp-json\/wp\/v2\/comments?post=685"}],"wp:featuredmedia":[{"embeddable":true,"href":"https:\/\/www.stolarna-znidarsic.si\/en\/wp-json\/wp\/v2\/media\/306"}],"wp:attachment":[{"href":"https:\/\/www.stolarna-znidarsic.si\/en\/wp-json\/wp\/v2\/media?parent=685"}],"wp:term":[{"taxonomy":"product_cat","embeddable":true,"href":"https:\/\/www.stolarna-znidarsic.si\/en\/wp-json\/wp\/v2\/product_cat?post=685"},{"taxonomy":"product_tag","embeddable":true,"href":"https:\/\/www.stolarna-znidarsic.si\/en\/wp-json\/wp\/v2\/product_tag?post=685"}],"curies":[{"name":"wp","href":"https:\/\/api.w.org\/{rel}","templated":true}]}}

<!-- This site is optimized with the Yoast SEO plugin v22.1 - https://yoast.com/wordpress/plugins/seo/ -->
<title>Chair Lamin | Product | Stolarna Žnidaršič</title>
<meta name="robots" content="index, follow, max-snippet:-1, max-image-preview:large, max-video-preview:-1" />
<link rel="canonical" href="https://www.stolarna-znidarsic.si/en/izdelek/chair-lamin/" />
<meta property="og:locale" content="en_US" />
<meta property="og:type" content="article" />
<meta property="og:title" content="Chair Lamin | Product | Stolarna Žnidaršič" />
<meta property="og:description" content="beech, oak   91 cm  43 cm  40 cm  47 cm  &nbsp;" />
<meta property="og:url" content="https://www.stolarna-znidarsic.si/en/izdelek/chair-lamin/" />
<meta property="og:site_name" content="Stolarna Žnidaršič" />
<meta property="article:modified_time" content="2021-09-09T11:33:51+00:00" />
<meta property="og:image" content="https://www.stolarna-znidarsic.si/wp-content/uploads/2014/10/stol-Lamin.jpg" />
	<meta property="og:image:width" content="710" />
	<meta property="og:image:height" content="710" />
	<meta property="og:image:type" content="image/jpeg" />
<script type="application/ld+json" class="yoast-schema-graph">{"@context":"https://schema.org","@graph":[{"@type":"WebPage","@id":"https://www.stolarna-znidarsic.si/en/izdelek/chair-lamin/","url":"https://www.stolarna-znidarsic.si/en/izdelek/chair-lamin/","name":"Chair Lamin | Product | Stolarna Žnidaršič","isPartOf":{"@id":"https://www.stolarna-znidarsic.si/#website"},"datePublished":"2015-01-11T21:23:27+00:00","dateModified":"2021-09-09T11:33:51+00:00","breadcrumb":{"@id":"https://www.stolarna-znidarsic.si/en/izdelek/chair-lamin/#breadcrumb"},"inLanguage":"en-US","potentialAction":[{"@type":"ReadAction","target":["https://www.stolarna-znidarsic.si/en/izdelek/chair-lamin/"]}]},{"@type":"BreadcrumbList","@id":"https://www.stolarna-znidarsic.si/en/izdelek/chair-lamin/#breadcrumb","itemListElement":[{"@type":"ListItem","position":1,"name":"Home","item":"https://www.stolarna-znidarsic.si/en/"},{"@type":"ListItem","position":2,"name":"Products","item":"https://www.stolarna-znidarsic.si/en/shop/"},{"@type":"ListItem","position":3,"name":"Chair Lamin"}]},{"@type":"WebSite","@id":"https://www.stolarna-znidarsic.si/#website","url":"https://www.stolarna-znidarsic.si/","name":"Stolarna Žnidaršič","description":"","potentialAction":[{"@type":"SearchAction","target":{"@type":"EntryPoint","urlTemplate":"https://www.stolarna-znidarsic.si/?s={search_term_string}"},"query-input":"required name=search_term_string"}],"inLanguage":"en-US"}]}</script>
<!-- / Yoast SEO plugin. -->

Chair Lamin | Product | Stolarna Žnidaršič

Stolarna Žnidaršič
